s the greatest common divisor of 18492 and 41138?
134
What is the highest common factor of 9338 and 157136?
322
Calculate the highest common factor of 396 and 99891.
99
What is the highest common factor of 932201 and 124?
31
Calculate the greatest common factor of 5100810 and 4350.
870
Calculate the highest common factor of 350 and 13850.
50
What is the highest common factor of 25630 and 330?
110
What is the highest common divisor of 304 and 3767928?
152
Calculate the greatest common factor of 5424 and 768.
48
Calculate the highest common divisor of 19945 and 16.
1
What is the greatest common divisor of 1273 and 7258?
19
Calculate the greatest common factor of 850 and 1415675.
425
Calculate the greatest common divisor of 552 and 7958.
46
What is the greatest common divisor of 3392 and 704?
64
What is the greatest common factor of 3177804 and 252?
84
What is the greatest common factor of 84743 and 1577?
83
What is the greatest common divisor of 105522 and 8180?
818
What is the highest common factor of 1245 and 88335?
15
What is the highest common divisor of 352 and 11639056?
176
What is the highest common factor of 1332039 and 930?
93
Calculate the highest common factor of 129 and 375.
3
Calculate the greatest common divisor of 857308 and 2054.
158
Calculate the highest common factor of 3402 and 24598.
14
Calculate the greatest common divisor of 1536 and 456.
24
Calculate the highest common factor of 67249 and 182.
91
What is the greatest common divisor of 16905 and 93345?
735
What is the highest common factor of 64 and 3669472?
32
Calculate the greatest common factor of 5714 and 74.
2
What is the highest common factor of 11097 and 648?
81
What is the highest common divisor of 4064 and 3175?
127
What is the highest common factor of 1512 and 603624?
168
What is the greatest common divisor of 5500 and 6325?
275
Calculate the greatest common factor of 74 and 69375.
37
What is the highest common factor of 916924 and 820?
164
Calculate the greatest common divisor of 300 and 74850.
150
Calculate the highest common divisor of 1480 and 48248.
296
Calculate the highest common divisor of 31910 and 10.
10
What is the highest common factor of 1676916 and 108?
108
Calculate the greatest common divisor of 11539 and 6369.
11
Calculate the highest common factor of 5 and 2502970.
5
Calculate the greatest common divisor of 5076 and 76.
4
What is the highest common factor of 48 and 3246?
6
Calculate the highest common factor of 101 and 23735.
101
What is the greatest common factor of 7722 and 9711?
117
Calculate the highest common factor of 5276 and 3360.
4
Calculate the highest common factor of 2743216 and 98.
98
What is the highest common divisor of 1885 and 195?
65
What is the greatest common divisor of 52416 and 315?
63
What is the greatest common factor of 961 and 16957?
31
What is the highest common divisor of 15400 and 55550?
550
Calculate the greatest common factor of 98219 and 22.
11
Calculate the highest common divisor of 4776 and 20.
4
What is the greatest common divisor of 3621948 and 138?
138
What is the highest common divisor of 245 and 13069?
7
What is the highest common divisor of 98 and 1022?
14
Calculate the highest common factor of 15810 and 3230.
170
What is the greatest common divisor of 118358 and 332?
166
Calculate the greatest common divisor of 272 and 186932.
68
Calculate the highest common divisor of 147 and 111741.
21
What is the greatest common divisor of 53 and 86231?
53
What is the greatest common factor of 24 and 11676?
12
What is the highest common factor of 36 and 20556?
36
What is the greatest common divisor of 144 and 365688?
72
What is the greatest common factor of 2016 and 18732?
84
What is the greatest common factor of 163434 and 66?
6
Calculate the highest common divisor of 989148 and 558.
186
What is the highest common divisor of 17 and 97172?
17
Calculate the highest common divisor of 1185 and 29230.
395
What is the highest common factor of 698225 and 1100?
275
What is the greatest common divisor of 45288 and 425?
17
What is the greatest common divisor of 5000 and 1320?
40
Calculate the greatest common divisor of 2715148 and 1688.
844
What is the highest common factor of 133490 and 28?
14
Calculate the greatest common divisor of 8586 and 137694.
318
What is the greatest common factor of 670 and 72762?
134
What is the highest common factor of 70 and 826?
14
What is the highest common divisor of 950 and 598025?
475
What is the greatest common divisor of 1971 and 803?
73
What is the greatest common factor of 8599783 and 1117?
1117
What is the highest common factor of 6160 and 3941?
7
Calculate the highest common divisor of 5999 and 21.
7
What is the greatest common factor of 45743 and 596?
149
What is the greatest common factor of 22 and 89254?
22
What is the greatest common divisor of 10148 and 2408?
172
What is the greatest common divisor of 32 and 2079288?
8
Calculate the highest common divisor of 4256 and 1352876.
532
Calculate the greatest common divisor of 1939 and 124373.
277
What is the highest common divisor of 410134 and 19?
19
What is the greatest common factor of 687746 and 46?
46
Calculate the highest common factor of 2610 and 2349.
261
Calculate the highest common factor of 134666 and 126.
14
Calculate the greatest common divisor of 26499 and 8349.
363
What is the highest common factor of 146602 and 322?
46
What is the highest common factor of 6944770 and 2450?
490
What is the greatest common divisor of 31140 and 7640?
20
Calculate the greatest common factor of 14938 and 231.
77
What is the greatest common divisor of 2499012 and 216?
108
Calculate the highest common factor of 15 and 157239.
3
What is the highest common divisor of 5117 and 1207?
17
Calculate the greatest common divisor of 484155 and 7105.
1015
What is the greatest common factor of 594506 and 61?
61
What is the highest common divisor of 3228 and 58008?
12
Calculate the highest common divisor of 12 and 4132.
4
Calculate the greatest common divisor of 7360 and 11200.
320
Calculate the greatest common factor of 388 and 27354.
194
What is the highest common factor of 9 and 1626627?
3
What is the greatest common divisor of 45 and 51885?
45
Calculate the greatest common factor of 16448 and 1285.
257
What is the greatest common divisor of 66 and 3405963?
33
What is the highest common factor of 257 and 16?
1
What is the highest common divisor of 83 and 4397755?
83
What is the greatest common factor of 1596166 and 78?
26
Calculate the highest common divisor of 3348 and 796266.
558
What is the highest common divisor of 120790 and 3290?
470
Calculate the greatest common factor of 57 and 46911.
57
Calculate the greatest common factor of 7850 and 67824.
314
Calculate the highest common factor of 27649 and 60442.
643
Calculate the greatest common factor of 216325 and 850.
425
Calculate the greatest common factor of 317997 and 794.
397
What is the greatest common divisor of 15498 and 6426?
378
What is the highest common divisor of 1674 and 961?
31
What is the greatest common divisor of 100989 and 9?
9
What is the greatest common factor of 133986 and 21027?
489
What is the greatest common divisor of 3108 and 62391?
21
Calculate the highest common factor of 4307 and 13924.
59
Calculate the greatest common factor of 107946 and 270.
54
Calculate the greatest common factor of 153370 and 735.
245
What is the highest common factor of 38229 and 3?
3
Calculate the greatest common divisor of 64 and 44864.
64
What is the greatest common divisor of 288 and 9738?
18
Calculate the greatest common factor of 10914 and 1326.
102
Calculate the highest common divisor of 1105 and 306.
17
What is the greatest common factor of 42 and 421638?
42
What is the highest common divisor of 533 and 128453?
533
What is the highest common divisor of 1407 and 28609?
469
What is the highest common divisor of 290100 and 25?
25
What is the highest common factor of 193996 and 88?
44
What is the greatest common divisor of 18976 and 32?
32
Calculate the greatest common divisor of 21736 and 4142.
38
What is the highest common divisor of 12708 and 126?
18
What is the greatest common factor of 40167 and 18?
9
Calculate the highest common divisor of 822 and 1731954.
822
Calculate the greatest common 